. Let i be w(0). Let z be (i/(-12))/(4/16). Let y = -147 - z. List the prime factors of y.
2
Suppose -54*p + 243 = -27. Suppose -p*g - 525 = -2*q - 81, -3*q + 4*g + 680 = 0. What are the prime factors of q?
2, 29
Suppose -7*a + 3*a = 3*a - 370433. What are the prime factors of a?
52919
Suppose 0 = -2*f + p - 1255, -5*f = 4*p + 1733 + 1385. Let j = f + 1315. What are the prime factors of j?
13, 53
Let y(x) = -6*x + 50. Let v be y(8). Suppose 0 = -v*b - 3*g + 171, -82 = -4*b + 3*b + 2*g. What are the prime factors of b?
2, 3, 7
Let m be -2*(-1 + 2) - (0 + -31). Suppose 30*f - m*f = -425. Let a = -133 - f. List the prime factors of a.
2, 73
Suppose -211987 = -18*i + 50507. What are the prime factors of i?
3, 4861
Let n = -15329 + 22215. List the prime factors of n.
2, 11, 313
Let f(m) = 2*m**3 - 6*m**2 - 11*m + 7. Let w be f(7). Let h be (3 - 6) + (w/2 - -1). Let o = h + 41. What are the prime factors of o?
2, 5
Suppose -w - 579 = -1072. List the prime factors of w.
17, 29
What are the prime factors of (-9096)/(-30)*(-45)/(-18)?
2, 379
Let x(q) = -q + 4. Let u be x(3). Let y be -2 - u - (-1 + (-15)/3). Suppose -r + 86 = -y*z, -2*r = -7*z + 3*z - 162. List the prime factors of r.
71
Suppose l + 4 = -0, -11 = -5*q - l. Let v be ((-2)/q)/((-1)/9). Suppose 4*h = v*h - 172. What are the prime factors of h?
2, 43
Let h(z) = z**3 - 3*z**2 - 29*z + 15. Let c be h(7). Suppose 10652 = c*m - 132. What are the prime factors of m?
2, 337
Let v(i) = -i**3 + 4*i**2 + 13*i - 12. Let k be v(6). What are the prime factors of 882/(-105)*700/k?
2, 5, 7
What are the prime factors of 2/(((-464)/(-2368))/29)?
2, 37
Let z = -73 - -80. Suppose -4 = -z*x + 10. What are the prime factors of (-143)/x*(-14 + 12)?
11, 13
Suppose -4*m + 0*m = -36. Let n(l) = 28*l + 59. Let a be n(5). Suppose 8*w - m = a. What are the prime factors of w?
2, 13
Let u(m) = -3*m**3 - 12*m + 3925. What are the prime factors of u(0)?
5, 157
Let c(v) = 2*v + 22. Let w be c(-8). Let z(o) = o**3 - 2*o**2 - 5*o - 8. Let p be z(w). Let h = p + -57. What are the prime factors of h?
7
Let m(n) = n**3 + 40*n**2 + 21*n - 14. Let u be m(-35). Suppose -2*h = 12*h - u. What are the prime factors of h?
2, 3
Suppose 541*j - 172*j - 3591477 = 0. List the prime factors of j.
9733
Let n(y) = 11*y + 181. Let v be n(-16). Suppose -c = 3*j - 221, -4*j = -0*j + v*c - 313. What are the prime factors of j?
2, 3
Suppose -108 = 10*n - 4*n. Let c = 11 + n. Let m = 27 - c. What are the prime factors of m?
2, 17
Suppose -4*l - 67 = -3*h - 2*l, -h + 14 = l. Let g(a) = -3*a - 42. Let d(m) = m - 1. Let u(j) = -5*d(j) - g(j). List the prime factors of u(h).
3
Suppose 50 = 12*q - 466. What are the prime factors of q?
43
Let x(g) = 0*g**3 - g**3 - 73*g - 14*g**2 - g**3 + 22 + 7*g**3 + 15*g**2. List the prime factors of x(7).
3, 5, 17
Let u = 263 + -178. Let r be (u/(-10))/((-2)/148). Suppose -3*d = -28 - r. What are the prime factors of d?
3, 73
Let r(i) = -i**2 - i + 13. Let x be r(3). Let q be (545/30 + x/(-6))*-1. List the prime factors of 206*(q/(-4) - 4).
103
Let h = -458 - -1493. Let x = -702 + h. List the prime factors of x.
3, 37
Let h = 49 - 134. Let r be ((-1324)/22 - 54/(-297)) + 5. Let z = r - h. What are the prime factors of z?
2, 3, 5
Let z(w) = 146*w**2 - 444*w**2 - 2*w + 154*w**2 + 153*w**2 + 3. What are the prime factors of z(-8)?
5, 7, 17
Suppose 0 = -4*s - 5*z + 169, -4*z + 80 = -6*s + 8*s. Suppose 0 = -45*a + s*a + 4*b - 66, b = 1. List the prime factors of a.
2, 31
Let s = 15 - 195. Let o = -8 - s. Let z = o + -49. List the prime factors of z.
3, 41
Let r(w) = 7046*w**2 + 8*w + 7. What are the prime factors of r(-1)?
5, 1409
Let p(w) = -1358*w - 255. List the prime factors of p(-7).
11, 29
Let w(a) = 888*a + 971. List the prime factors of w(5).
7, 773
Let n(t) be the first derivative of -11*t**2/2 + 66*t + 34. What are the prime factors of n(-26)?
2, 11
Suppose 9*l = -63, 0 = -6*x + 11*x + 5*l - 351445. List the prime factors of x.
2, 3, 29, 101
Suppose 258*f - 275*f + 47481 = 0. Suppose -183 = 29*x - f. List the prime factors of x.
2, 3, 5
Suppose 21 = 9*q - 24. Suppose 5*n = 4*t - 545, t + q*n - 60 = 95. Suppose -t = -2*v - 2*h, 0 = 5*v - 2*h - 318 - 18. List the prime factors of v.
2, 17
Let x(z) = z**3 - 8*z**2 + 6*z + 9. Let w be x(6). Let p = 339 + w. List the prime factors of p.
2, 3, 13
Let f = 523 - 795. Let v = f - -277. List the prime factors of v.
5
Suppose -10*a - 2 = -3632. What are the prime factors of a*1 - 21/7?
2, 3, 5
Suppose -3*f - 19 = 3*n + 2, -4*f = n + 31. Let m be 33*9/(108/f). What are the prime factors of ((-33)/m)/(1/18)?
3
Let a(c) = -47 - 4*c - 288*c**2 + 292*c**2 + 2*c. List the prime factors of a(-12).
7, 79
Let q(c) = 257*c + 586. What are the prime factors of q(145)?
3, 11, 31, 37
Let b = 313 + -178. Suppose -j = n - b, 3*j + n + 0*n = 395. What are the prime factors of j?
2, 5, 13
Suppose -7 = 4*c + 13. Let h be (-7)/7 + c/(-1). Suppose 0 = 2*a + 4*l - 82 - 22, -h*a + 156 = -5*l. What are the prime factors of a?
2, 11
Suppose 4*r - 5*p = 45, 3*p + 25 = -6*r + 8*r. Suppose -4*i = r*i - 3897. List the prime factors of i.
433
Let m be (1 - -99) + (-3 - 6/(-2)). Let c be 1/(7/(-7)) - (0 - m). Let h = 65 + c. List the prime factors of h.
2, 41
Let z(j) = 2*j + 18. Let t be z(-10). Let p be (-4)/((t/25)/(6/(-5))). What are the prime factors of ((-378)/4)/(p/80)?
2, 3, 7
Let g(v) = -416*v. Let s be g(1). Let n = -87 - s. List the prime factors of n.
7, 47
Suppose 0 = -105*h + 2946306 - 421266. What are the prime factors of h?
2, 3, 167
Suppose -2*m + 77 = -69. Let h = m - 68. Suppose -3*a = -h*d + 1296, -8*d + 6*d + 510 = -4*a. What are the prime factors of d?
3, 29
Suppose 1074*r + 668189 = 1103*r. List the prime factors of r.
23041
Let u = 13001 + -5441. What are the prime factors of u?
2, 3, 5, 7
Suppose -4 = q - 24. Let d = -1752 - -1752. List the prime factors of (-1834)/(-10) + (d - (-12)/q).
2, 23
Suppose 4*i + 9*v - 103567 = 14*v, i - 25863 = 7*v. List the prime factors of i.
2, 23, 563
Suppose 4*r = 2*t - 30, 2*r + 7*t - 5*t = -30. Let w(y) = 3*y**2 + 12*y - 5. List the prime factors of w(r).
5, 7
Let s = -11 - -15. Let x = s + -2. What are the prime factors of (1 + -3)/(x/(-17))?
17
Let n(q) = 9*q**2 + 7*q - 29. Let s(l) = 2*l**2 - l - 1. Let v(a) = n(a) - 2*s(a). List the prime factors of v(5).
11, 13
Let h = 190 - -5443. What are the prime factors of h?
43, 131
Suppose -15*w + 44857 + 14243 = 0. What are the prime factors of w?
2, 5, 197
Let r(v) = 2*v**3 - 4*v**2 + 12. Let o be r(2). Suppose o*t - 7159 = 113. List the prime factors of t.
2, 3, 101
Suppose -25*m - 21*m = -71*m + 230675. What are the prime factors of m?
9227
Let z be ((-92)/(-69) - 127/3)/(-1). Suppose -4*s + 3*g + z = -1074, -4*s - 3*g = -1133. What are the prime factors of s?
281
Let c(b) = -b**2 - 475*b + 1 + 4 + 481*b + 7. Let p(f) = -f**3 - 8*f**2 - 8*f - 1. Let h be p(-7). What are the prime factors of c(h)?
2, 3
Let q(t) = 32*t - 303. Suppose -15 = -12*g + 105. What are the prime factors of q(g)?
17
List the prime factors of ((-4)/10)/(13/(8897525/(-7))).
2, 5, 3911
Suppose 10*j = 43708 - 2038. Suppose -13*u + 4*u = -j. List the prime factors of u.
463
Let v = 752 - 395. Let g = 502 + v. List the prime factors of g.
859
Suppose 3*b = -3*j - 0*b + 9, -2*b + 30 = 5*j. List the prime factors of (7 + 1)*(2 - 4/j).
2, 3
Let q = -50 - -50. Suppose 116 = 5*z + m - 0, -3*m - 12 = q. What are the prime factors of 11/2 - z/16?
2
Let z(o) = 3*o**3 - 7*o**2 + 3 - 5 + 1 - 2*o. Let y be (-7 - -5)/((-3)/30*4). List the prime factors of z(y).
3, 7
Let j = -1721 + 2413. List the prime factors of j.
2, 173
Let n = -25887 + 36519. What are the prime factors of n?
2, 3, 443
Suppose -4*v + 43 = 3. Let g(o) = o - 6. Let s be g(v). Let k(r) = r**2 + 3*r. List the prime factors of k(s).
2, 7
Suppose -3*c = c - 2*g + 242, 0 = -4*c + 5*g - 233. Let l = 200 - c. What are the prime factors of l?
2, 131
Suppose -k + 14 = -x + k, 5*k + 19 = -2*x. Let a be x/(-60) + 28/10. Suppose 4*s - 5*i - 169 = s, 0 = -2*s + a*i + 113. What are the prime factors of s?
2, 29
Let y(k) = 14*k - 16. Let b be y(0). Let p(s) = -5*s**2 - 150*s - 26. What are the prime factors of p(b)?
2, 547
Suppose 2*p - 6 = 0, 9*o - 4*o - p - 245882 = 0. List 